64?
True
Does 19 divide 215953?
False
Is 256657 a multiple of 11?
False
Does 21 divide 8200484?
False
Is 3 a factor of 191916?
True
Is 9 a factor of 861246?
True
Is 140575 a multiple of 5?
True
Does 364 divide 152516?
True
Does 1070 divide 15311700?
True
Is 90132 a multiple of 37?
True
Does 18 divide 620658?
True
Is 1576692 a multiple of 234?
True
Is 679866 a multiple of 5?
False
Is 327367 a multiple of 108?
False
Is 782244 a multiple of 823?
False
Does 23 divide 286465?
True
Does 37 divide 204099?
False
Is 8 a factor of 1559102?
False
Is 304 a factor of 502208?
True
Is 259 a factor of 457905?
False
Is 17 a factor of 7780472?
False
Does 12 divide 41784?
True
Is 4506259 a multiple of 27?
False
Does 110 divide 1368510?
True
Is 3645 a multiple of 84?
False
Is 1356996 a multiple of 30?
False
Does 608 divide 7134880?
True
Is 209984 a multiple of 116?
False
Is 34503 a multiple of 21?
True
Is 1834424 a multiple of 121?
False
Is 342654 a multiple of 39?
True
Is 76 a factor of 775960?
True
Is 21 a factor of 8039871?
True
Does 27 divide 7512135?
False
Is 188 a factor of 9527154?
False
Is 46 a factor of 47119?
False
Is 554 a factor of 558432?
True
Does 5 divide 1775005?
True
Is 3745310 a multiple of 26?
False
Does 10 divide 225551?
False
Does 1004 divide 5058152?
True
Is 239 a factor of 35430439?
False
Is 198 a factor of 4544828?
False
Is 242 a factor of 66864?
False
Is 61675 a multiple of 3?
False
Is 346 a factor of 5920406?
True
Is 46350 a multiple of 2?
True
Is 2752 a multiple of 2?
True
Is 83950 a multiple of 23?
True
Is 316 a factor of 3138919?
False
Is 370 a factor of 3782305?
False
Is 63392 a multiple of 32?
True
Is 37 a factor of 8907?
False
Is 7896291 a multiple of 304?
False
Is 12 a factor of 10365?
False
Is 72576 a multiple of 112?
True
Does 131 divide 7969254?
True
Is 70 a factor of 19442702?
False
Is 737 a factor of 3247959?
True
Is 57 a factor of 252907?
False
Is 187 a factor of 189805?
True
Does 41 divide 22517?
False
Is 171032 a multiple of 24?
False
Is 339988 a multiple of 35?
False
Is 610 a factor of 293410?
True
Is 2831907 a multiple of 39?
True
Is 35 a factor of 13717379?
False
Is 641 a factor of 552131?
False
Is 54169 a multiple of 60?
False
Is 35287 a multiple of 126?
False
Is 562 a factor of 5958324?
True
Is 28440 a multiple of 120?
True
Is 1259519 a multiple of 165?
False
Is 614704 a multiple of 412?
True
Does 24 divide 300200?
False
Is 5531409 a multiple of 1053?
True
Is 312 a factor of 7233720?
True
Is 6556596 a multiple of 114?
True
Does 19 divide 491230?
False
Is 34 a factor of 135660?
True
Is 266 a factor of 3075891?
False
Is 42 a factor of 276579?
False
Is 15046377 a multiple of 51?
True
Is 130 a factor of 80340?
True
Is 10 a factor of 72210?
True
Is 15582 a multiple of 147?
True
Is 1223972 even?
True
Is 189 a factor of 3707991?
True
Is 752822 a multiple of 7?
True
Does 5 divide 29105?
True
Is 2848794 a multiple of 19?
False
Is 1234563 a multiple of 159?
False
Is 12 a factor of 5582419?
False
Is 880584 a multiple of 22?
False
Is 160396 a multiple of 16?
False
Is 458 a factor of 4956365?
False
Does 8 divide 82372?
False
Does 23 divide 464?
False
Is 152 a factor of 30890?
False
Is 311 a factor of 926487?
False
Is 339329 even?
False
Is 50 a factor of 347450?
True
Is 97 a factor of 2193506?
False
Does 16 divide 86016?
True
Is 345 a factor of 211140?
True
Is 120725 a multiple of 100?
False
Does 16 divide 472128?
True
Is 195 a factor of 4981746?
False
Does 40 divide 9527813?
False
Is 327 a factor of 20205481?
False
Is 154 a factor of 245168?
True
Is 8520927 a multiple of 10?
False
Is 15071780 a multiple of 861?
False
Is 23 a factor of 40578?
False
Does 53 divide 211841?
True
Does 4 divide 2435926?
False
Is 22 a factor of 3419842?
False
Is 417 a factor of 1282692?
True
Is 8 a factor of 441692?
False
Is 36 a factor of 82180?
False
Is 845 a factor of 1250600?
True
Is 8189568 a multiple of 16?
True
Is 4 a factor of 279872?
True
Does 147 divide 167060?
False
Is 98865 a multiple of 18?
False
Does 49 divide 1535494?
False
Is 5032578 a multiple of 102?
True
Is 133320 a multiple of 8?
True
Is 1684479 a multiple of 51?
True
Does 35 divide 2035390?
True
Does 223 divide 3797467?
True
Does 39 divide 1243383?
False
Is 964 a factor of 348968?
True
Does 6 divide 161037?
False
Is 21 a factor of 324198?
True
Is 9 a factor of 422199?
True
Is 5 a factor of 93090?
True
Is 39 a factor of 836394?
True
Does 2259 divide 6989346?
True
Does 52 divide 5518508?
False
Is 5778015 a multiple of 22?
False
Is 212240 a multiple of 140?
True
Is 28 a factor of 2917656?
True
Is 50120 a multiple of 7?
True
Is 9656575 a multiple of 35?
False
Is 101 a factor of 64043?
False
Is 83258 a multiple of 19?
True
Is 5 a factor of 211089?
False
Does 5 divide 2910929?
False
Does 7 divide 53768?
False
Does 32 divide 1479594?
False
Does 16 divide 2017394?
False
Is 19 a factor of 592493?
False
Is 2626728 a multiple of 39?
True
Is 57 a factor of 348026?
False
Is 104795 a multiple of 81?
False
Does 229 divide 2511762?
False
Does 59 divide 70092?
True
Is 17 a factor of 395403?
True
Is 620 a factor of 905395?
False
Is 309482 a multiple of 271?
True
Does 13 divide 978445?
True
Is 14120 a multiple of 10?
True
Is 969265 a multiple of 39?
False
Is 294491 a multiple of 2?
False
Does 101 divide 507424?
True
Is 107 a factor of 217070?
False
Is 1564014 a multiple of 222?
False
Does 157 divide 184783?
False
Is 43 a factor of 4799875?
True
Is 33 a factor of 117335?
False
Is 116075 even?
False
Is 11024404 a multiple of 167?
False
Does 23 divide 1396?
False
Does 8 divide 827768?
True
Does 36 divide 246204?
True
Is 2223595 a multiple of 6?
False
Is 25 a factor of 491731?
False
Does 27 divide 11120642?
False
Is 1404395 a multiple of 20?
False
Is 319 a factor of 12597310?
True
Is 1410055 a multiple of 17?
False
Does 11 divide 173269?
False
Is 44204 a multiple of 514?
True
Is 5 a factor of 59358?
False
Is 19699 a multiple of 64?
False
Is 463125 a multiple of 195?
True
Is 141 a factor of 11263785?
True
Does 11 divide 2911963?
False
Is 1740382 a multiple of 98?
True
Is 9 a factor of 438705?
True
Does 73 divide 209729?
True
Is 9 a factor of 59655?
False
Does 17 divide 683730?
False
Is 24 a factor of 1960824?
True
Is 1115 a factor of 6441049?
False
Is 1330 a factor of 4252119?
False
Does 20 divide 3173498?
False
Does 156 divide 3774002?
False
Is 298487 a multiple of 7?
True
Is 10 a factor of 47640?
True
Is 12 a factor of 1822824?
True
Is 50 a factor of 54400?
True
Is 15 a factor of 127536?
False
Is 24 a factor of 2068271?
False
Does 3 divide 20681?
False
Is 504112 a multiple of 112?
True
Is 301653 a multiple of 97?
False
Does 39 divide 70782?
False
Does 91 divide 315643?
False
Does 308 divide 14922465?
False
Does 126 divide 217602?
True
Is 1571887 a multiple of 29?
True
Does 38 divide 1388634?
True
Does 12 divide 2952432?
True
Does 152 divide 78432?
True
Is 2131830 a multiple of 5?
True
Does 42 divide 440260?
False
Is 17557552 a multiple of 860?
False
Is 319612 a multiple of 7?
False
Is 112103 a multiple of 11?
False
Does 134 divide 656466?
True
Does 202 divide 171902?
True
Does 864 divide 24571687?
False
Is 717773 a multiple of 72?
False
Is 9 a factor of 605080?
False
Is 284868 a multiple of 18?
True
Is 105 a factor of 22353136?
False
Is 13157667 a multiple of 185?
False
Does 540 divide 1830110?
False
Does 189 divide 84316?
False
Is 7 a factor of 17163?
False
Does 27 divide 876852?
True
Does 894 divide 6443952?
True
Does 695 divide 2213575?
True
Is 2477046 a multiple of 66?
True
Does 519 divide 500198?
False
Does 2 divide 211838?
True
Does 177 divide 241428?
True
Is 7 a factor of 712250?
True
Is 21 a factor of 4704?
True
Does 12 divide 18863809?
False
Is 6 a factor of 148178?
False
Is 38 a factor of 798?
True
Is 746 a factor of 9704732?
False
Is 2 a factor of 5926?
True
Is 8577555 a multiple of 14?
False
Is 158717 a multiple of 421?
True
Does 62 divide 20150?
True
Is 256 a factor of 234496?
True
Is 579283 a multiple of 12?
False
Does 35 divide 2927610?
True
Is 53 a factor of 17278?
True
Is 39 a factor of 683198?
False
Is 21 a factor of 147372?
False
Is 211 a factor of 237444?
False
Is 273842 a multiple of 14?
False
Is 5523528 a multiple of 8?
True
Is 2429519 a multiple of 49?
False
Does 9 divide 42365